ert -156 (base 7) to base 2.
-1011010
1 (base 5) to base 9
1
What is -2 (base 13) in base 4?
-2
What is -1d (base 14) in base 2?
-11011
What is -12 (base 14) in base 11?
-15
Convert -5 (base 13) to base 12.
-5
Convert 3 (base 15) to base 3.
10
-133 (base 14) to base 8
-361
10 (base 9) to base 3
100
What is 42 (base 11) in base 5?
141
100111 (base 2) to base 14
2b
2 (base 11) to base 15
2
What is 5 (base 10) in base 14?
5
3 (base 13) to base 4
3
What is 406 (base 7) in base 6?
534
-110 (base 2) to base 6
-10
-102 (base 3) to base 13
-b
-122 (base 7) to base 11
-5a
Convert 344 (base 5) to base 10.
99
25 (base 14) to base 7
45
Convert -1 (base 15) to base 12.
-1
Convert 5e (base 16) to base 10.
94
Convert -1b (base 15) to base 5.
-101
Convert 14 (base 14) to base 15.
13
Convert 242 (base 5) to base 7.
132
Convert 5 (base 12) to base 2.
101
120 (base 3) to base 8
17
4 (base 12) to base 8
4
Convert 7 (base 13) to base 4.
13
Convert 1 (base 15) to base 16.
1
Convert 12 (base 15) to base 16.
11
What is 10 (base 3) in base 10?
3
-32 (base 6) to base 9
-22
-46 (base 9) to base 10
-42
What is 164 (base 8) in base 4?
1310
What is -52 (base 9) in base 13?
-38
What is 3 (base 13) in base 10?
3
13 (base 8) to base 3
102
What is -13 (base 9) in base 3?
-110
Convert 213 (base 4) to base 2.
100111
Convert 12 (base 3) to base 13.
5
Convert 0 (base 6) to base 7.
0
What is 29 (base 15) in base 9?
43
Convert 10 (base 13) to base 16.
d
What is -1 (base 3) in base 16?
-1
Convert -5 (base 8) to base 2.
-101
Convert -1323 (base 4) to base 13.
-96
1 (base 2) to base 16
1
10 (base 3) to base 15
3
What is 1 (base 14) in base 4?
1
Convert 7 (base 14) to base 13.
7
What is 0 (base 6) in base 12?
0
What is -4 (base 5) in base 12?
-4
Convert -1d (base 16) to base 4.
-131
What is -4 (base 8) in base 2?
-100
Convert -3 (base 4) to base 6.
-3
What is 16 (base 16) in base 4?
112
Convert -20 (base 11) to base 14.
-18
Convert -10 (base 7) to base 3.
-21
111 (base 2) to base 10
7
What is -1000 (base 5) in base 15?
-85
Convert 0 (base 8) to base 4.
0
Convert -53 (base 7) to base 3.
-1102
What is -42 (base 8) in base 5?
-114
What is -5 (base 15) in base 5?
-10
Convert -208 (base 11) to base 8.
-372
Convert -156 (base 8) to base 13.
-86
245 (base 7) to base 10
131
a (base 13) to base 12
a
Convert 11 (base 8) to base 4.
21
-3 (base 7) to base 4
-3
-11 (base 11) to base 5
-22
Convert 20 (base 11) to base 7.
31
0 (base 3) to base 13
0
Convert -1 (base 16) to base 9.
-1
Convert -9 (base 11) to base 14.
-9
What is -1 (base 4) in base 6?
-1
Convert 86 (base 14) to base 15.
7d
Convert 1 (base 4) to base 6.
1
Convert 8 (base 16) to base 9.
8
Convert 158 (base 11) to base 2.
10111000
What is -12 (base 7) in base 16?
-9
Convert 20 (base 11) to base 16.
16
3 (base 14) to base 6
3
-44 (base 5) to base 16
-18
-1 (base 11) to base 14
-1
Convert c (base 15) to base 2.
1100
What is -15 (base 6) in base 3?
-102
What is 11 (base 4) in base 12?
5
What is -29 (base 15) in base 11?
-36
What is 1 (base 10) in base 9?
1
Convert -2 (base 6) to base 15.
-2
What is 6 (base 10) in base 16?
6
-3 (base 8) to base 3
-10
What is -21 (base 9) in base 11?
-18
27 (base 15) to base 6
101
-101 (base 4) to base 6
-25
What is 3 (base 4) in base 16?
3
What is 100 (base 3) in base 10?
9
Convert 12 (base 3) to base 15.
5
Convert 0 (base 15) to base 3.
0
-10 (base 4) to base 13
-4
What is 1 (base 5) in base 12?
1
1 (base 15) to base 9
1
1 (base 3) to base 2
1
What is 79 (base 12) in base 7?
162
What is 0 (base 2) in base 6?
0
What is 8 (base 13) in base 7?
11
What is 23 (base 9) in base 13?
18
What is -79 (base 13) in base 10?
-100
Convert 22 (base 3) to base 11.
8
-106 (base 7) to base 10
-55
-4 (base 12) to base 5
-4
What is 0 (base 9) in base 15?
0
Convert 3d (base 15) to base 16.
3a
What is 53 (base 7) in base 4?
212
Convert 1 (base 9) to base 13.
1
Convert 351 (base 8) to base 2.
11101001
What is 100101 (base 2) in base 14?
29
3 (base 8) to base 14
3
58 (base 14) to base 8
116
Convert 11 (base 12) to base 4.
31
Convert -6 (base 16) to base 13.
-6
Convert -1 (base 7) to base 5.
-1
What is -29 (base 11) in base 16?
-1f
What is -3 (base 15) in base 5?
-3
1 (base 14) to base 11
1
What is -b0 (base 13) in base 7?
-263
235 (base 6) to base 12
7b
0 (base 4) to base 5
0
-3b (base 16) to base 9
-65
What is 1112 (base 3) in base 9?
45
Convert -6 (base 15) to base 16.
-6
-12 (base 6) to base 8
-10
What is -2 (base 12) in base 15?
-2
What is 1 (base 3) in base 14?
1
Convert 1124 (base 6) to base 5.
2033
Convert 120 (base 9) to base 5.
344
3 (base 6) to base 2
11
27 (base 12) to base 16
1f
-12 (base 4) to base 14
-6
What is -3 (base 14) in base 15?
-3
-26 (base 7) to base 4
-110
-1223 (base 4) to base 3
-10222
What is 42 (base 12) in base 8?
62
Convert 320 (base 8) to base 14.
10c
Convert 0 (base 2) to base 16.
0
Convert 6 (base 11) to base 16.
6
Convert -100 (base 2) to base 13.
-4
Convert 101 (base 2) to base 6.
5
Convert 8 (base 12) to base 6.
12
Convert -233 (base 7) to base 16.
-7a
What is 1 (base 12) in base 8?
1
What is 155 (base 6) in base 9?
78
0 (base 4) to base 9
0
Convert -117 (base 10) to base 11.
-a7
22 (base 3) to base 15
8
Convert -100111101 (base 2) to base 4.
-10331
Convert 7 (base 8) to base 9.
7
Convert 2 (base 6) to base 14.
2
-46 (base 15) to base 14
-4a
What is 33 (base 6) in base 10?
21
What is 117 (base 11) in base 8?
213
Convert 25 (base 7) to base 14.
15
20 (base 10) to base 15
15
Convert 0 (base 13) to base 7.
0
0 (base 3) to base 4
0
What is 61 (base 8) in base 4?
301
Convert -21 (base 4) to base 5.
-14
3 (base 4) to base 10
3
2 (base 11) to base 13
2
-1202 (base 6) to base 3
-101202
Convert -1c (base 15) to base 9.
-30
What is -55 (base 9) in base 4?
-302
0 (base 4) to base 14
0
What is 2 (base 10) in base 13?
2
221 (base 4) to base 3
1112
-10110 (base 2) to base 13
-19
What is 200 (base 4) in base 16?
20
What is 50 (base 13) in base 9?
72
What is 1 (base 14) in base 10?
1
1 (base 2) to base 12
1
Convert 7 (base 11) to base 14.
7
What is -20 (base 4) in base 11?
-8
Convert 102 (base 11) to base 7.
234
What is 13 (base 7) in base 9?
11
Convert 0 (base 12) to base 10.
0
Convert 5 (base 15) to base 7.
5
c (base 16) to base 12
10
What is -2100 (base 3) in base 11?
-58
What is -11 (base 11) in base 6?
-20
What is -3 (base 16) in base 14?
-3
-26 (base 12) to base 8
-36
What is -130 (base 6) in base 4?
-312
What is b (base 13) in base 3?
102
What is 341 (base 8) in base 3?
22100
-3 (base 10) to base 11
-3
Convert -22 (base 9) to base 2.
-10100
17 (base 9) to base 2
10000
What is 31 (base 8) in base 5?
100
What is 10100011 (base 2) in base 10?
163
What is 3 (base 12) in base 10?
3
Convert 130 (base 8) to base 3.
10021
What is 1 (base 10) in base 9?
1
What is 1 (base 10) in base 9?
1
-231 (base 4) to base 9
-50
What is -9 (base 10) in base 7?
-12
What is 4 (base 5) in base 8?
4
30 (base 4) to base 16
c
What is 20 (base 4) in base 5?
13
-20 (base 4) to base 16
-8
What is 12 (base 8) in base 5?
20
Convert 9 (base 10) to base 16.
9
What is 2 (base 10) in base 14?
2
226 (base 8) to base 9
176
-6 (base 11) to base 5
-11
Convert 22 (base 9) to base 6.
32
What is -127 (base 8) in base 13?
-69
Convert 5 (base 13) to base 8.
5
Convert 0 (base 16) to base 7.
0
Convert 11 (base 2) to base 3.
10
What is 71 (base 9) in base 10?
64
What is 6 (base 11) in base 5?
11
Convert 2 (base 10) to base 15.
2
-145 (base 7) to base 12
-6a
-d (base 15) to base 11
-12
Convert -10001101 (base 2) to base 9.
-166
Convert 1001 (base 2) to base 8.
11
-2 (base 9) to base 12
-2
Convert 173 (base 8) to base 3.
11120
-132 (base 4) to base 10
-30
What is -133 (base 4) in base 12?
-27
-6 (base 8) to base 9
-6
-2c (base 13) to base 4
-212
-20 (base 5) to base 3
-101
What is -2 (base 4) in base 3?
-2
Convert 3 (base 12) to base 6.
3
133 (base 7) to base 3
2201
Convert 41 (base 11) to base 10.
45
10 (base 4) to base 3
11
13 (base 4) to base 2
111
What is 0 (base 12) in base 5?
0
21 (base 12) to base 4
121
Convert -12 (base 5) to base 2.
-111
Convert 225 (base 10) to base 14.
121
Convert -221 (base 5) to base 11.
-56
What is 121 (base 14) in base 4?
3201
What is -5 (base 7) in base 11?
-5
What is 59 (base 16) in base 14?
65
What is -c (base 14) in ba